 a composite number?
True
Is 891223 composite?
False
Is 865 a composite number?
True
Is 46714 composite?
True
Is 482743 composite?
False
Is 3163 composite?
False
Is 21745 a prime number?
False
Is 72139 composite?
False
Is 25078 a prime number?
False
Is 36217 a composite number?
False
Is 18737 prime?
False
Is 4711 a prime number?
False
Is 9649 prime?
True
Is 19742 a prime number?
False
Is 419 prime?
True
Is 100379 a prime number?
True
Is 140303 a prime number?
False
Is 4589 prime?
False
Is 55799 composite?
False
Is 470689 prime?
True
Is 617039 prime?
True
Is 11341 prime?
False
Is 63809 composite?
False
Is 55435 a prime number?
False
Is 187111 composite?
False
Is 613 composite?
False
Is 750059 composite?
False
Is 3636299 prime?
False
Is 1359173 composite?
False
Is 81509 a prime number?
True
Is 8209 a composite number?
False
Is 320851 a prime number?
True
Is 42847 prime?
False
Is 5245 a prime number?
False
Is 17569 composite?
False
Is 121127 a prime number?
False
Is 24997 a prime number?
False
Is 957361 a prime number?
True
Is 15349 prime?
True
Is 96257 a composite number?
True
Is 318299 a prime number?
True
Is 11167 prime?
False
Is 73069 a prime number?
False
Is 33081 composite?
True
Is 118567 a composite number?
True
Is 1433326 prime?
False
Is 73879 composite?
True
Is 587983 a prime number?
False
Is 155737 a prime number?
False
Is 6431 composite?
True
Is 484529 composite?
True
Is 94477 a prime number?
True
Is 2513 prime?
False
Is 347159 composite?
True
Is 21953 composite?
True
Is 977215 a composite number?
True
Is 489 prime?
False
Is 30857 a prime number?
False
Is 32411 prime?
True
Is 335413 a composite number?
True
Is 866 composite?
True
Is 41063 prime?
False
Is 20141 composite?
True
Is 916319 composite?
False
Is 13307 a composite number?
True
Is 142691 composite?
True
Is 1998497 prime?
True
Is 383917 a prime number?
True
Is 2304079 prime?
False
Is 764093 a prime number?
False
Is 7283 a composite number?
False
Is 168539 composite?
True
Is 27127 a composite number?
False
Is 15551 a composite number?
False
Is 93827 a composite number?
False
Is 11183 a composite number?
True
Is 285113 a composite number?
False
Is 40693 a composite number?
False
Is 134338 composite?
True
Is 12137 composite?
True
Is 6607 prime?
True
Is 116855 prime?
False
Is 26603 a prime number?
False
Is 14509 a prime number?
False
Is 481547 prime?
False
Is 59159 prime?
True
Is 19373 a composite number?
False
Is 205 composite?
True
Is 207941 a composite number?
False
Is 32441 composite?
False
Is 14579 a prime number?
False
Is 56683 composite?
True
Is 23269 prime?
True
Is 415687 a composite number?
False
Is 18931 a prime number?
False
Is 14941 a prime number?
False
Is 26597 prime?
True
Is 14809 a composite number?
True
Is 168997 prime?
False
Is 6967121 prime?
False
Is 141391 a composite number?
True
Is 12653 composite?
False
Is 2789 composite?
False
Is 163687 a prime number?
False
Is 766621 composite?
True
Is 224681 a prime number?
False
Is 1277 composite?
False
Is 8546017 composite?
False
Is 23819 composite?
False
Is 407513 a composite number?
True
Is 1164197 a composite number?
True
Is 53855 prime?
False
Is 459103 composite?
True
Is 2762 a composite number?
True
Is 150671 a prime number?
False
Is 35969 a composite number?
False
Is 40121 a prime number?
False
Is 894779 a composite number?
False
Is 596341 a composite number?
False
Is 3958 a composite number?
True
Is 30181 composite?
False
Is 647459 composite?
True
Is 924397 a composite number?
False
Is 249329 a composite number?
False
Is 613663 composite?
True
Is 23983 a prime number?
False
Is 813262 a prime number?
False
Is 265297 a composite number?
True
Is 206507 a composite number?
True
Is 276153 composite?
True
Is 828871 a prime number?
True
Is 289687 prime?
False
Is 615137 composite?
False
Is 64817 prime?
True
Is 78521 a composite number?
True
Is 40453 a composite number?
True
Is 281509 a composite number?
False
Is 92663 a prime number?
False
Is 330145 a prime number?
False
Is 11519 a composite number?
False
Is 17159 a composite number?
False
Is 4751 composite?
False
Is 8409 a composite number?
True
Is 9151 prime?
True
Is 3221 a composite number?
False
Is 213 a prime number?
False
Is 59507 composite?
True
Is 272507 a composite number?
False
Is 256687 a composite number?
False
Is 3229 a prime number?
True
Is 1969 composite?
True
Is 1711547 prime?
True
Is 44903 prime?
False
Is 354633 a prime number?
False
Is 1777297 prime?
False
Is 3110953 prime?
True
Is 3341 prime?
False
Is 67577 a prime number?
True
Is 1043 composite?
True
Is 58649 a prime number?
False
Is 1628353 prime?
True
Is 565863 a prime number?
False
Is 47161 a composite number?
False
Is 5771 composite?
True
Is 825241 composite?
False
Is 45131 a composite number?
False
Is 376778 prime?
False
Is 1657 prime?
True
Is 5053 prime?
False
Is 843 prime?
False
Is 14923 composite?
False
Is 3313 composite?
False
Is 555521 a composite number?
False
Is 24595 a prime number?
False
Is 25163 prime?
True
Is 5147 a prime number?
True
Is 81961 prime?
False
Is 499 a composite number?
False
Is 562931 a composite number?
False
Is 30507 a composite number?
True
Is 292343 a composite number?
False
Is 322093 a composite number?
False
Is 1761 prime?
False
Is 142161 prime?
False
Is 19121 a composite number?
False
Is 1507 composite?
True
Is 8501 a prime number?
True
Is 53527 prime?
True
Is 3163 a composite number?
False
Is 263467 composite?
True
Is 375673 prime?
True
Is 59 composite?
False
Is 15997 a prime number?
False
Is 165683 a composite number?
True
Is 901739 a prime number?
True
Is 194141 a composite number?
False
Is 49103 prime?
True
Is 500083 a prime number?
True
Is 287 composite?
True
Is 349937 prime?
False
Is 13603 a composite number?
True
Is 209791 composite?
True
Is 232253 a prime number?
False
Is 85381 composite?
False
Is 1233905 composite?
True
Is 93097 prime?
True
Is 12197 a composite number?
False
Is 6761 a prime number?
True
Is 3264887 a composite number?
False
Is 119005 a prime number?
False
Is 1181 prime?
True
Is 9383 composite?
True
Is 14479 composite?
False
Is 15094 prime?
False
Is 52477 prime?
False
Is 499 composite?
False
Is 19301 a prime number?
True
Is 14777 a prime number?
False
Is 3571 composite?
False
Is 530747 prime?
False
Is 3959 prime?
False
Is 89627 a composite number?
False
Is 84943 a composite number?
True
Is 264871 a prime number?
True
Is 5147 a prime number?
True
Is 24359 prime?
True
Is 206749 composite?
False
Is 2203 a composite number?
False
Is 13211 prime?
False
Is 24197 prime?
True
Is 788603 prime?
True
Is 10637 a prime number?
False
Is 7103 prime?
True
Is 248635 a prime number?
False
Is 4223 composite?
True
Is 110681 a prime number?
True
Is 2411 prime?
True
Is 194647 composite?
False
Is 44435 a composite number?
True
Is 730285 prime?
False
Is 20177 prime?
True
Is 5437 prime?
True
Is 75209 prime?
True
Is 10033 prime?
False
Is 67339 composite?
False
Is 27383 composite?
True
Is 618173 a composite number?
False
Is 1020797 a prime number?
True
Is 144161 prime?
True
Is 143017 prime?
False
Is 131855 prime?
False
Is 78479 prime?
True
Is 560159 composite?
False
Is 95503 a composite number?
True
Is 692579 composite?
True
Is 255839 composite?
False
Is 23393 prime?
False
Is 808517 composite?
False
Is 3643 a prime number?
True
Is 101191 a composite number?
True
Is 1590881 composite?
True
Is 570719 a composite number?
False
Is 102073 a prime number?
False
Is 4246915 a prime number?
False
Is 7151 a composite number?
False
Is 1339567 composite?
False
Is 69145 composite?
True
Is 15359 prime?
True
Is 30059 a prime number?
True
Is 157229 a prime number?
True
Is 12817 a prime number?
False
Is 23047 a prime number?
False
Is 142867 a prime number?
True
Is 187763 a composite number?
False
Is 1151 prime?
True
Is 2809303 prime?
False
Is 395 a composite number?
True
Is 1085857 prime?
True
Is 1151 composite?
False
Is 103171 a composite number?
False
Is 264263 a composite number?
False
Is 74821 a prime number?
True
Is 1718927 a prime number?
False
Is 869122 a prime number?
False
Is 921 a prime number?
False
Is 164251 composite?
False
Is 40783 a prime number?
False
Is 417371 a prime number?
True
Is 1046557 a prime number?
True
Is 26769 prime?
False
Is 42511 prime?
False
Is 109819